 168*d + 1814. Let h be p(-10). What is the greatest common factor of h and 1363?
47
Let m(x) = -6*x + 8 + 5*x + 5. Let w be m(0). Suppose -w = -z - 2. Calculate the highest common divisor of 77 and z.
11
Let q = -1131 - -1135. Suppose -2 = -4*h - 6, 4*t + 5*h = 171. What is the highest common factor of q and t?
4
Let a be ((-15)/(-10))/(3/(-4)). Let t be (-9)/(-27)*(a + 2). Suppose 10*v - 12*v + 48 = t. What is the greatest common factor of 8 and v?
8
Let t(b) = 11*b**2 + 18*b + 17. Let a(o) = o**2 - 3*o + 1. Let v be a(2). Let i be t(v). Calculate the highest common factor of i and 245.
5
Let j(a) = 3*a**3 - 2*a**3 - 4*a + 11*a**2 + 6 - 3 - 15. Let c = 2374 + -2385. Let i be j(c). Calculate the greatest common factor of 112 and i.
16
Suppose 3067 - 501 = 33*j - 2186. Calculate the highest common factor of j and 1416.
24
Let p be 0/(-11) + 16 + 20. Let g(w) = -288*w**3 + w**2 - 1. Let y be g(-1). What is the highest common factor of p and y?
36
Suppose -108*r + 704 = -97*r. What is the highest common factor of r and 608?
32
Let v = 17 + -15. Suppose 9*g + v*g = 22. Let b be 28 + (-1 - g) - (-3)/(-3). Calculate the greatest common divisor of b and 216.
24
Suppose 2*w + 13*w = 780. Let i be 4/6 - 654/(-18). Suppose -3*m + f = -i, 4*m + 5 = 5*m - 4*f. Calculate the greatest common divisor of w and m.
13
Let v(b) = 11*b**2 - 51*b - 26. Let m be v(-12). What is the greatest common factor of m and 70?
70
Suppose -21*v = -29*v - 640. Let k = 318 + v. What is the highest common factor of k and 28?
14
Let a = 15775 + -15613. What is the highest common factor of a and 1125?
9
Suppose s + 5*z - 128 + 18 = 0, 0 = -4*z + 20. Suppose -b = -4*h - s, -3*h - 116 - 224 = -5*b. What is the greatest common factor of 5 and b?
5
Let a = 443 - 383. What is the highest common factor of 220 and a?
20
Let u be (2 - (-2 + 1))*(-2)/(-3). Suppose -5 = -a - u. Suppose 2*f = k, -a = f - k - 1. What is the greatest common factor of 4 and f?
2
Suppose 0 = -5291*l + 5299*l - 6816. Calculate the greatest common factor of l and 480.
12
Let h(i) = 9*i - 45. Let b be h(6). Suppose -2*z + 5*f + 32 = -200, 3*f + 561 = 5*z. Calculate the greatest common factor of z and b.
3
Let y be 57 + 0/(-4) + 11. Calculate the greatest common factor of 1700 and y.
68
Let q(v) = v**2 + 7*v - 21. Let k be q(5). Suppose -34*w = -k*w + 65. Let l be 2/w + 386/26. Calculate the highest common factor of 45 and l.
15
Let h = -56 + 53. Let g be h*(15 + -2)*-1. Suppose m = -3*b + g, 4 = -m + 2*b + 18. Calculate the highest common factor of 6 and m.
6
Suppose 0*p + 63 = p. Suppose 0*o + 1232 = -7*o. Let i = o + 185. Calculate the greatest common divisor of i and p.
9
Let a be (-4)/((-3)/(-8)*(-26)/156). Let u = 99 - a. What is the highest common divisor of u and 5?
5
Let a(x) = -x**2 - 2*x + 21. Let k be a(-5). Let h = -46 - -118. Calculate the greatest common factor of h and k.
6
Suppose -2*x + 20 = 14, 5*s = 4*x - 27927. Let l be s/18*-1 - 9/54. Calculate the greatest common divisor of 30 and l.
10
Let k(l) = 3*l**3 + 40*l**2 + 28*l - 9. Let y be k(-12). Calculate the greatest common factor of y and 1078.
77
Suppose 246*o - 177912 = -187*o + 80*o. What is the greatest common factor of o and 3906?
126
Suppose -4*d + 39 = -1. Let r be 68/3*(1432/(-1790) - 166/(-20)). Calculate the highest common factor of d and r.
10
Let j = 757 + -735. Calculate the greatest common factor of 5632 and j.
22
Suppose -7232 = 39*a - 25172. What is the greatest common factor of 92 and a?
92
Suppose 39 - 36 = s. Suppose 0 = -s*z - 3*z + 78. Let d(c) = -30*c - 3. Let t be d(-4). Calculate the greatest common divisor of t and z.
13
Suppose -3*v - 32 - 13 = -5*f, 0 = 2*f - 5*v + 1. Let o be (2 - 1) + 3*-1. Let a be (3 + o)/(2/12). What is the greatest common divisor of f and a?
6
Suppose -5*g - 6*s + 2840 = -4*s, -4*g - 3*s = -2265. Suppose -2*j + 110 = 2*u, -11*j - u + 169 = -8*j. What is the greatest common divisor of j and g?
57
Let k = -47 + 57. Let a(q) = q - 7. Let u be a(k). Suppose u*g = -3*g + 102. Calculate the greatest common divisor of g and 68.
17
Suppose 4*v + 4*b + 64 = 6*v, 4*v - 83 = -b. Let z(h) = 6*h**2 + v - 4*h - 2 - 12. Let l be z(2). What is the highest common divisor of l and 16?
8
Let s(d) = 36*d**3 + 9*d**2 - 19*d + 3. Let v be s(3). What is the highest common divisor of v and 148?
37
Let x be 25 + 32/(-88)*-11. What is the greatest common divisor of x and 3857?
29
Let q = -2113 - -2912. What is the greatest common divisor of 141 and q?
47
Suppose 2*g + 4*n = 52, -130*n + 134*n = -g + 30. Let d be 2/(-6) - (-894)/9. What is the highest common divisor of d and g?
11
Let b = 45 + -42. Suppose 3*w + 45 - 144 = -4*x, b*w - 15 = 0. What is the greatest common divisor of 21 and x?
21
Suppose -3*a - 64 = j, 6*a - a = -5*j - 300. Let p be 6049/6 - (j/12 + 5). Calculate the highest common factor of 21 and p.
21
Suppose 25*m + 2088 = 5897 + 3616. What is the greatest common divisor of 22 and m?
11
Let b = -9137 + 9569. Calculate the greatest common factor of b and 1431.
27
Let b be (-6)/69 - 197942/(-46). What is the greatest common factor of b and 13?
13
Let c = 25 + -19. Suppose -c = 3*h + 4*y, 7 = 3*y - 2. Let k = h - -23. Calculate the highest common divisor of 68 and k.
17
Suppose -9125 = -10*j + 16975. Calculate the greatest common factor of 9 and j.
9
Let b be 1*(1 - 2)*-495. Let s be 258/15 + -2 - (-248)/310. Suppose b = s*m - 7*m. Calculate the highest common divisor of m and 33.
11
Let i(b) = 5*b + 38. Let v(d) = -d**3 - 25*d**2 - 4*d - 77. Let u be v(-25). Let m be i(u). What is the highest common divisor of m and 9?
9
Let d = 6491 - -1671. What is the greatest common divisor of d and 308?
154
Suppose 32*i - 165 = 21*i. Calculate the greatest common factor of 7560 and i.
15
Let a(c) = -c**3 - 51*c**2 - 197*c - 93. Let r be a(-47). What is the greatest common divisor of 54 and r?
6
Let w = 26708 + -26589. Calculate the highest common divisor of 15113 and w.
119
Let q(a) be the third derivative of a**4/8 + 17*a**3/2 - 35*a**2. Let j be q(-15). Calculate the highest common factor of 4 and j.
2
Suppose 198*u = 19*u + 2020194. What is the greatest common divisor of u and 76?
38
Suppose 3*l = -4*d + 492, 5*l + 340 = d + 2*d. Suppose 2*o = 4 + 16. Calculate the greatest common factor of d and o.
10
Let m = 70 + -135. Let s = -18 - m. Suppose -33*u = -34*u + 423. What is the greatest common factor of u and s?
47
Let a = 121 - 117. Suppose -g + 221 = -3*l, -a*g - 9*l = -13*l - 884. Suppose -6*u + g = -595. Calculate the greatest common factor of 34 and u.
34
Let t(c) = 753*c + 1585. Let h be t(12). Calculate the highest common factor of 247 and h.
247
Suppose -2*d = 4, 0 = 4*t + d + 7 - 33. Let a = t - -4. Suppose 5*v - 3*v - 195 = 3*u, -4*u = -2*v + 194. Calculate the greatest common divisor of v and a.
11
Suppose -3*y - 11 = 82. Suppose -47 + 193 = -u - 3*t, t = -u - 144. Let k = y - u. Calculate the highest common divisor of k and 32.
16
Let a(k) be the second derivative of -k**3/3 - 29*k**2/2 + 9*k. Let f be a(-13). Let c be (8/60*6)/(f/(-60)). What is the highest common divisor of c and 80?
16
Let p be (2/6)/1 + 143/(-33). Let u = -24775 + 15363. Let v be u/(-234) + p/18. Calculate the greatest common factor of v and 10.
10
Let h be -7 + (5 - -42) + 5. Let g = -15 - 20. Let b = 65 + g. What is the greatest common factor of h and b?
15
Suppose -5*t + t + 5184 = 0. Suppose 2037 = 3*i + 3*l - t, 5*l = 4*i - 4408. Suppose 81*n - 78*n - i = 0. Calculate the highest common factor of 41 and n.
41
Let a = -66 - -252. Suppose -15*l + 13*l = -a. What is the highest common factor of 31 and l?
31
Suppose -f - 6 = -4*f. Suppose -a + f = 3*x, -4*x = -5*a + 2*a - 20. Let s = -1073 - -1099. Calculate the greatest common divisor of x and s.
2
Suppose -18 = 2*y + 4*t + 54, -166 = 5*y - 4*t. Let r be (-916)/(-17) - y/289. What is the greatest common factor of 30 and r?
6
Suppose 100*n + 949 = 173*n. What is the highest common factor of 325 and n?
13
Let m(k) = 3*k**2 + 8*k + 17. Let f be m(-5). Suppose -3*o + 2*l = 40, o - f = 6*o + 4*l. Let c = -7 - o. What is the highest common divisor of 2 and c?
1
Let r(a) = -12*a. Let y be r(-5). Suppose -q - 110*d + 106*d = -502, -4*q + 2046 = -3*d. What is the highest common factor